{"id":977,"date":"2020-09-30T13:03:04","date_gmt":"2020-09-30T19:03:04","guid":{"rendered":"https:\/\/ujpii.ac.cr\/a\/?page_id=977"},"modified":"2022-06-12T07:53:22","modified_gmt":"2022-06-12T13:53:22","slug":"bachilleratos","status":"publish","type":"page","link":"https:\/\/ujpii.ac.cr\/a\/bachilleratos\/","title":{"rendered":"Bachilleratos"},"content":{"rendered":"<p>[vc_row][vc_column][vc_column_text]<\/p>\n<h1 style=\"text-align: left;\">BACHILLERATOS<\/h1>\n<p>[\/vc_column_text][vc_column_text]En la Universidad Juan Pablo II contamos con estudios de alta demanda laboral. Nuestros cientos de egresados salen con un nivel profesional altamente competitivo que les ayuda a colocarse r\u00e1pidamente en el mercado laboral.[\/vc_column_text][\/vc_column][\/vc_row][vc_row type=\u00bbvc_default\u00bb css=\u00bb.vc_custom_1601487269922{background-color: #ededed !important;}\u00bb][vc_column width=\u00bb1\/2&#8243;][vc_single_image image=\u00bb980&#8243; img_size=\u00bbfull\u00bb alignment=\u00bbcenter\u00bb][vc_column_text]<\/p>\n<h3>BACHILLERATO EN DIRECCI\u00d3N DE EMPRESAS<\/h3>\n<p>[\/vc_column_text][vc_column_text]DURACI\u00d3N: 8 semestres (4 a\u00f1os)<br \/>\nMODALIDAD: presencial<br \/>\nLECCIONES: De acuerdo con el horario de cada semestre[\/vc_column_text][\/vc_column][vc_column width=\u00bb1\/2&#8243;][vc_column_text]<strong>DESCRIPCI\u00d3N DEL CURSO<\/strong><\/p>\n<p>El Bachillerato en Direcci\u00f3n de Empresas busca formar profesionales con prop\u00f3sito, conscientes de las personas que impactan y con capacidades para la direcci\u00f3n, el asesoramiento y la evaluaci\u00f3n de las empresas. El prop\u00f3sito y la conciencia de los dem\u00e1s se orientan a la creaci\u00f3n de valor, preocupaci\u00f3n por las persona y servicio a la sociedad. Las capacidades se desarrollan en el \u00e1mbito global de la organizaci\u00f3n o en cualquiera de sus \u00e1reas funcionales: estrategia, finanzas, producci\u00f3n, direcci\u00f3n de personas, comercializaci\u00f3n y contabilidad. El desarrollo de las capacidades espec\u00edficas y generales del estudiante se realizan en el contexto de una formaci\u00f3n integral, basada en la formaci\u00f3n de competencias de liderazgo, en el marco de una s\u00f3lida formaci\u00f3n en el humanismo y la \u00e9tica cristiana, y la vocaci\u00f3n de servicio.<\/p>\n<p><strong>BENEFICIOS DEL PROGRAMA<\/strong><\/p>\n<ul>\n<li>Profesores con amplia experiencia laboral y una s\u00f3lida formaci\u00f3n antropol\u00f3gica.<\/li>\n<li>Sesiones virtuales para acompa\u00f1ar el aprendizaje semanal.<\/li>\n<li>Talleres complementarios en habilidades blandas y competencias personales.<\/li>\n<li>Profesores involucrados en la actividad empresarial.<\/li>\n<li>Formaci\u00f3n integral: desarrollo de competencias directivas (coaching y mentoring).<\/li>\n<li>Contenidos adaptados a la cambiante realidad empresarial. Fomenta el pensamiento global, interdisciplinar, y de comercio internacional.<\/li>\n<li>Certificaciones demandadas en tecnolog\u00edas.<\/li>\n<li>Metodolog\u00eda: Integraci\u00f3n de casos, gesti\u00f3n de equipos y proyectos, talleres de innovaci\u00f3n y emprendimiento, pasant\u00edas en el extranjero.<\/li>\n<\/ul>\n<p><strong>REQUISITOS DE INGRESO<\/strong><\/p>\n<ol>\n<li>Presentar el original y dos copias del T\u00edtulo de Bachillerato en Educaci\u00f3n Media. Cuando se trate de un t\u00edtulo fuera del pa\u00eds, se deben presentar los documentos debidamente autenticados y cumplir los requisitos de legalidad que solicita Costa Rica.<\/li>\n<li>Aportar dos fotograf\u00edas recientes, tama\u00f1o pasaporte.<\/li>\n<li>Llenar la f\u00f3rmula de \u201cSolicitud de matr\u00edcula\u201d y aportar los dem\u00e1s documentos requeridos para abrir su \u201cExpediente de estudiante\u201d.<\/li>\n<li>Cancelar la suma correspondiente a los derechos de matr\u00edcula, colegiatura y dem\u00e1s pagos que deba hacer de acuerdo con los tr\u00e1mites que haya tenido que efectuar.<\/li>\n<li>Aceptar las normas universitarias existentes, en particular el Estatuto Org\u00e1nico y los Reglamentos de la Instituci\u00f3n.<\/li>\n<li>Adicional: Test vocacional, Test de Personalidad, Examen de Aptitud y Entrevista Personal.<\/li>\n<\/ol>\n<p>[\/vc_column_text]<style type=\"text\/css\" data-type=\"the7_shortcodes-inline-css\">#default-btn-7e236cefc94a5a5b8af750dd54b48ffd.ico-right-side > i {\n  margin-right: 0px;\n  margin-left: 8px;\n}\n#default-btn-7e236cefc94a5a5b8af750dd54b48ffd > i {\n  margin-right: 8px;\n}\n#default-btn-7e236cefc94a5a5b8af750dd54b48ffd * {\n  vertical-align: middle;\n}\n<\/style><a href=\"#\" class=\"default-btn-shortcode dt-btn dt-btn-l link-hover-off btn-inline-left \" id=\"default-btn-7e236cefc94a5a5b8af750dd54b48ffd\"><i class=\"icomoon-the7-font-the7-arrow-21\"><\/i><span>INSCRIBIRME<\/span><\/a>[vc_empty_space][\/vc_column][\/vc_row][vc_row type=\u00bbvc_default\u00bb][vc_column width=\u00bb1\/2&#8243;][vc_single_image image=\u00bb979&#8243; img_size=\u00bbfull\u00bb alignment=\u00bbcenter\u00bb][vc_column_text]<\/p>\n<h3>BACHILLERATO EN ASESOR\u00cdA Y ORIENTACI\u00d3N FAMILIAR<\/h3>\n<p>[\/vc_column_text][vc_column_text]DURACI\u00d3N: 2 a\u00f1os y 8 meses<br \/>\nMODALIDAD: presencial<br \/>\nLECCIONES: 2 lecciones de 3 horas y media cada una a la semana, m\u00e1s horas adicionales de trabajos y proyectos de investigaci\u00f3n.[\/vc_column_text][\/vc_column][vc_column width=\u00bb1\/2&#8243;][vc_column_text]<strong>DESCRIPCI\u00d3N DEL CURSO<\/strong><\/p>\n<p>Este bachillerato busca formar personas capaces de orientar a las familias sobre la grandeza de su dignidad y misi\u00f3n a lo largo de los diversos ciclos de la vida. Animados por la riqueza de la doctrina cristiana y las ciencias humanas se forman estudiantes para que se desempe\u00f1en como asesores familiares. Est\u00e1 dirigido a adultos profesionales (psic\u00f3logos, educadores, orientadores, etc.), personas involucradas en pastoral familiar o que realice labores relacionadas con familias.<\/p>\n<p><strong>BENEFICIOS DEL PROGRAMA<\/strong><\/p>\n<ul>\n<li>Profesores expertos en cada una de sus \u00e1reas.<\/li>\n<li>Herramientas pr\u00e1cticas para el abordaje de situaciones relacionadas con matrimonio y familia.<\/li>\n<li>Convenios internacionales con la Universidad An\u00e1huac de M\u00e9xico y el Pontificio Instituto Juan Pablo II para el Matrimonio y la Familia.<\/li>\n<\/ul>\n<p><strong>REQUISITOS DE INGRESO<\/strong><\/p>\n<ol>\n<li>Presentar el original y dos copias del T\u00edtulo de Bachillerato en Educaci\u00f3n Media. Cuando se trate de un t\u00edtulo fuera del pa\u00eds, se deben presentar los documentos debidamente autenticados y cumplir los requisitos de legalidad que solicita Costa Rica.<\/li>\n<li>Aportar dos fotograf\u00edas recientes, tama\u00f1o pasaporte.<\/li>\n<li>Llenar la f\u00f3rmula de \u201cSolicitud de matr\u00edcula\u201d y aportar los dem\u00e1s documentos requeridos para abrir su \u201cExpediente de estudiante\u201d.<\/li>\n<li>Cancelar la suma correspondiente a los derechos de matr\u00edcula, colegiatura y dem\u00e1s pagos que deba hacer de acuerdo con los tr\u00e1mites que haya tenido que efectuar.<\/li>\n<li>Aceptar las normas universitarias existentes, en particular el Estatuto Org\u00e1nico y los Reglamentos de la Instituci\u00f3n.<\/li>\n<\/ol>\n<p>[\/vc_column_text]<style type=\"text\/css\" data-type=\"the7_shortcodes-inline-css\">#default-btn-7e236cefc94a5a5b8af750dd54b48ffd.ico-right-side > i {\n  margin-right: 0px;\n  margin-left: 8px;\n}\n#default-btn-7e236cefc94a5a5b8af750dd54b48ffd > i {\n  margin-right: 8px;\n}\n#default-btn-7e236cefc94a5a5b8af750dd54b48ffd * {\n  vertical-align: middle;\n}\n<\/style><a href=\"#\" class=\"default-btn-shortcode dt-btn dt-btn-l link-hover-off btn-inline-left \" id=\"default-btn-7e236cefc94a5a5b8af750dd54b48ffd\"><i class=\"icomoon-the7-font-the7-arrow-21\"><\/i><span>INSCRIBIRME<\/span><\/a>[vc_empty_space][\/vc_column][\/vc_row]<\/p>\n","protected":false},"excerpt":{"rendered":"<p>[vc_row][vc_column][vc_column_text] BACHILLERATOS [\/vc_column_text][vc_column_text]En la Universidad Juan Pablo II contamos con estudios de alta demanda laboral. Nuestros cientos de egresados salen con un nivel profesional altamente competitivo que les ayuda a colocarse r\u00e1pidamente en el mercado laboral.[\/vc_column_text][\/vc_column][\/vc_row][vc_row type=\u00bbvc_default\u00bb css=\u00bb.vc_custom_1601487269922{background-color: #ededed !important;}\u00bb][vc_column width=\u00bb1\/2&#8243;][vc_single_image image=\u00bb980&#8243; img_size=\u00bbfull\u00bb alignment=\u00bbcenter\u00bb][vc_column_text] BACHILLERATO EN DIRECCI\u00d3N DE EMPRESAS [\/vc_column_text][vc_column_text]DURACI\u00d3N: 8 semestres (4 a\u00f1os) MODALIDAD:&hellip;<\/p>\n","protected":false},"author":1,"featured_media":0,"parent":0,"menu_order":0,"comment_status":"closed","ping_status":"closed","template":"","meta":{"content-type":""},"_links":{"self":[{"href":"https:\/\/ujpii.ac.cr\/a\/wp-json\/wp\/v2\/pages\/977"}],"collection":[{"href":"https:\/\/ujpii.ac.cr\/a\/wp-json\/wp\/v2\/pages"}],"about":[{"href":"https:\/\/ujpii.ac.cr\/a\/wp-json\/wp\/v2\/types\/page"}],"author":[{"embeddable":true,"href":"https:\/\/ujpii.ac.cr\/a\/wp-json\/wp\/v2\/users\/1"}],"replies":[{"embeddable":true,"href":"https:\/\/ujpii.ac.cr\/a\/wp-json\/wp\/v2\/comments?post=977"}],"version-history":[{"count":4,"href":"https:\/\/ujpii.ac.cr\/a\/wp-json\/wp\/v2\/pages\/977\/revisions"}],"predecessor-version":[{"id":1024,"href":"https:\/\/ujpii.ac.cr\/a\/wp-json\/wp\/v2\/pages\/977\/revisions\/1024"}],"wp:attachment":[{"href":"https:\/\/ujpii.ac.cr\/a\/wp-json\/wp\/v2\/media?parent=977"}],"curies":[{"name":"wp","href":"https:\/\/api.w.org\/{rel}","templated":true}]}}