{"id":986,"date":"2020-09-30T13:36:37","date_gmt":"2020-09-30T19:36:37","guid":{"rendered":"https:\/\/ujpii.ac.cr\/a\/?page_id=986"},"modified":"2020-09-30T13:36:37","modified_gmt":"2020-09-30T19:36:37","slug":"maestrias","status":"publish","type":"page","link":"https:\/\/ujpii.ac.cr\/a\/maestrias\/","title":{"rendered":"MAESTRIAS"},"content":{"rendered":"<p>[vc_row][vc_column][vc_column_text]<\/p>\n<h1 style=\"text-align: left;\">MAESTR\u00cdAS<\/h1>\n<p>[\/vc_column_text][vc_column_text]En la Universidad Juan Pablo II contamos conestudios de alta demanda laboral. Nuestros cientos de egresados salen con un nivel profesional altamente competitivo que les ayuda a colocarse r\u00e1pidamente en el mercado laboral.[\/vc_column_text][\/vc_column][\/vc_row][vc_row type=\u00bbvc_default\u00bb css=\u00bb.vc_custom_1601487269922{background-color: #ededed !important;}\u00bb][vc_column width=\u00bb1\/2&#8243;][vc_single_image image=\u00bb987&#8243; img_size=\u00bbfull\u00bb alignment=\u00bbcenter\u00bb][vc_column_text]<\/p>\n<h3>MAESTR\u00cdA EN ADMINISTRACI\u00d3N CON \u00c9NFASIS EN SEGUROS<\/h3>\n<p>[\/vc_column_text][vc_column_text]DURACI\u00d3N: 18 meses (5 cuatrimestres de 15 semanas cada uno)<br \/>\nMODALIDAD: presencial<br \/>\nLECCIONES: 2 lecciones de 3 horas cada una por semana.[\/vc_column_text][\/vc_column][vc_column width=\u00bb1\/2&#8243;][vc_column_text]<strong>DESCRIPCI\u00d3N DEL CURSO<\/strong><\/p>\n<p>La Universidad Juan Pablo II ha desarrollado esta novedosa maestr\u00eda para aquellas personas que deseen aplicar las mejores estrategias en la gesti\u00f3n de los riesgos organizacionales, en particular los seguros comerciales, que experimentan un especial crecimiento por la coyuntura de apertura que vive el pa\u00eds. Est\u00e1 dirigida a profesionales de empresas privadas o p\u00fablicas con capacidad de toma de decisi\u00f3n en sus organizaciones, los cuales se encuentran expuestos al riesgo por la naturaleza de su gesti\u00f3n o la de sus colaboradores.<\/p>\n<p><strong>BENEFICIOS DEL PROGRAMA<\/strong><\/p>\n<ul>\n<li>Plan de Estudios orientado al mapeo, compresi\u00f3n, an\u00e1lisis y gesti\u00f3n de riesgos.<\/li>\n<li>Calidad acad\u00e9mica y trato personalizado.<\/li>\n<li>Profesores expertos en sus \u00e1reas y especialistas en gesti\u00f3n y an\u00e1lisis de riesgos.<\/li>\n<li>Asociaci\u00f3n con instituciones internacionales.<\/li>\n<li>\u00danica maestr\u00eda en Gesti\u00f3n de Riesgos y Seguros en el pa\u00eds reconocida por CONESUP.<\/li>\n<\/ul>\n<p><strong>REQUISITOS DE INGRESO<\/strong><\/p>\n<ol>\n<li>Tener al menos el grado acad\u00e9mico universitario de Bachillerato universitario o uno superior a \u00e9l, emitido por una universidad de reconocido prestigio nacional e internacional.<\/li>\n<li>Presentar el original y dos copias del T\u00edtulo, o en caso de no tenerse, la debida certificaci\u00f3n de este. Cuando se trate de un t\u00edtulo fuera del pa\u00eds, se deben presentar los documentos debidamente autenticados.<\/li>\n<li>Dominar, al menos de manera instrumental, una segunda lengua.<\/li>\n<li>Aportar dos fotograf\u00edas recientes, tama\u00f1o pasaporte.<\/li>\n<li>Llenar la f\u00f3rmula de \u201cSolicitud de matr\u00edcula\u201d y aportar los dem\u00e1s documentos requeridos para abrir su \u201cExpediente de estudiante\u201d.<\/li>\n<li>Cancelar la suma correspondiente a los derechos de matr\u00edcula, colegiatura y dem\u00e1s pagos que deba hacer de acuerdo con los tr\u00e1mites que haya tenido que efectuar. El candidato, con su tr\u00e1mite de matr\u00edcula, acepta las normas universitarias existentes, en particular el Estatuto Org\u00e1nico y los Reglamentos de la Instituci\u00f3n.<\/li>\n<\/ol>\n<p>[\/vc_column_text]<style type=\"text\/css\" data-type=\"the7_shortcodes-inline-css\">#default-btn-7e236cefc94a5a5b8af750dd54b48ffd.ico-right-side > i {\n  margin-right: 0px;\n  margin-left: 8px;\n}\n#default-btn-7e236cefc94a5a5b8af750dd54b48ffd > i {\n  margin-right: 8px;\n}\n#default-btn-7e236cefc94a5a5b8af750dd54b48ffd * {\n  vertical-align: middle;\n}\n<\/style><a href=\"#\" class=\"default-btn-shortcode dt-btn dt-btn-l link-hover-off btn-inline-left \" id=\"default-btn-7e236cefc94a5a5b8af750dd54b48ffd\"><i class=\"icomoon-the7-font-the7-arrow-21\"><\/i><span>INSCRIBIRME<\/span><\/a>[vc_empty_space][\/vc_column][\/vc_row]<\/p>\n","protected":false},"excerpt":{"rendered":"<p>[vc_row][vc_column][vc_column_text] MAESTR\u00cdAS [\/vc_column_text][vc_column_text]En la Universidad Juan Pablo II contamos conestudios de alta demanda laboral. Nuestros cientos de egresados salen con un nivel profesional altamente competitivo que les ayuda a colocarse r\u00e1pidamente en el mercado laboral.[\/vc_column_text][\/vc_column][\/vc_row][vc_row type=\u00bbvc_default\u00bb css=\u00bb.vc_custom_1601487269922{background-color: #ededed !important;}\u00bb][vc_column width=\u00bb1\/2&#8243;][vc_single_image image=\u00bb987&#8243; img_size=\u00bbfull\u00bb alignment=\u00bbcenter\u00bb][vc_column_text] MAESTR\u00cdA EN ADMINISTRACI\u00d3N CON \u00c9NFASIS EN SEGUROS [\/vc_column_text][vc_column_text]DURACI\u00d3N: 18 meses (5 cuatrimestres&hellip;<\/p>\n","protected":false},"author":1,"featured_media":0,"parent":0,"menu_order":0,"comment_status":"closed","ping_status":"closed","template":"","meta":{"content-type":""},"_links":{"self":[{"href":"https:\/\/ujpii.ac.cr\/a\/wp-json\/wp\/v2\/pages\/986"}],"collection":[{"href":"https:\/\/ujpii.ac.cr\/a\/wp-json\/wp\/v2\/pages"}],"about":[{"href":"https:\/\/ujpii.ac.cr\/a\/wp-json\/wp\/v2\/types\/page"}],"author":[{"embeddable":true,"href":"https:\/\/ujpii.ac.cr\/a\/wp-json\/wp\/v2\/users\/1"}],"replies":[{"embeddable":true,"href":"https:\/\/ujpii.ac.cr\/a\/wp-json\/wp\/v2\/comments?post=986"}],"version-history":[{"count":1,"href":"https:\/\/ujpii.ac.cr\/a\/wp-json\/wp\/v2\/pages\/986\/revisions"}],"predecessor-version":[{"id":988,"href":"https:\/\/ujpii.ac.cr\/a\/wp-json\/wp\/v2\/pages\/986\/revisions\/988"}],"wp:attachment":[{"href":"https:\/\/ujpii.ac.cr\/a\/wp-json\/wp\/v2\/media?parent=986"}],"curies":[{"name":"wp","href":"https:\/\/api.w.org\/{rel}","templated":true}]}}